{"id":1192,"date":"2018-02-14T11:48:52","date_gmt":"2018-02-14T08:48:52","guid":{"rendered":"http:\/\/www.akademikidea.org\/a-kitap\/?page_id=1192"},"modified":"2024-02-21T17:36:48","modified_gmt":"2024-02-21T14:36:48","slug":"kullanicilar-icin","status":"publish","type":"page","link":"https:\/\/www.akademikidea.org\/a-kitap\/akademikidea\/kullanicilar-icin\/","title":{"rendered":"T\u00fcz\u00fck, Y\u00f6netmelik ve Y\u00f6nergeler"},"content":{"rendered":"<p>&nbsp;<\/p>\n<table>\n<tbody>\n<tr>\n<th>T\u00fcz\u00fck<\/th>\n<th>Y\u00f6netmelik<\/th>\n<th>Y\u00f6nerge<\/th>\n<\/tr>\n<tr>\n<td><a href=\"https:\/\/docs.google.com\/document\/d\/1tOTJbGrr863EOg6mCuPQFymIdRViMytN\/edit?usp=sharing&amp;ouid=100444244199697544773&amp;rtpof=true&amp;sd=true\">T\u00fcz\u00fck<\/a><\/td>\n<td><a href=\"https:\/\/docs.google.com\/document\/d\/16Fx59uZDj-_ML0oFuoTgbgC9H2vrs4Zk2cpDH9Czqbw\/\">Burs Y\u00f6netmeli\u011fi<\/a><\/td>\n<td><a href=\"https:\/\/www.akademikidea.org\/a-kitap\/docs\/a-ders-yonergesi\/\">a-ders Y\u00f6nergesi<\/a><\/td>\n<\/tr>\n<tr>\n<td><\/td>\n<td><\/td>\n<td><a href=\"https:\/\/www.akademikidea.org\/a-kitap\/docs\/a-sohbet-yonergesi\/\">a-sohbet Y\u00f6nergesi<\/a><\/td>\n<\/tr>\n<tr>\n<td><\/td>\n<td><\/td>\n<td><a href=\"https:\/\/www.akademikidea.org\/a-kitap\/docs\/a-kitap-yonergesi\/\">a-kitap Y\u00f6nergesi<\/a><\/td>\n<\/tr>\n<tr>\n<td><\/td>\n<td><\/td>\n<td><a style=\"outline-width: 0px; font-size: 16.884px;\" href=\"https:\/\/docs.google.com\/document\/d\/1sy1ISjGV7uBgRq_OBOc9oaTPGnAgH5CbMkEtKW7-iIQ\/edit?usp=sharing\">Ofis Kullan\u0131m Y\u00f6nergesi<\/a><\/td>\n<\/tr>\n<\/tbody>\n<\/table>\n","protected":false},"excerpt":{"rendered":"<p>&nbsp; T\u00fcz\u00fck Y\u00f6netmelik Y\u00f6nerge T\u00fcz\u00fck Burs Y\u00f6netmeli\u011fi a-ders Y\u00f6nergesi a-sohbet Y\u00f6nergesi a-kitap Y\u00f6nergesi Ofis Kullan\u0131m Y\u00f6nergesi<\/p>\n","protected":false},"author":4,"featured_media":0,"parent":470,"menu_order":0,"comment_status":"closed","ping_status":"closed","template":"","meta":{"footnotes":""},"class_list":["post-1192","page","type-page","status-publish","hentry"],"_links":{"self":[{"href":"https:\/\/www.akademikidea.org\/a-kitap\/wp-json\/wp\/v2\/pages\/1192","targetHints":{"allow":["GET"]}}],"collection":[{"href":"https:\/\/www.akademikidea.org\/a-kitap\/wp-json\/wp\/v2\/pages"}],"about":[{"href":"https:\/\/www.akademikidea.org\/a-kitap\/wp-json\/wp\/v2\/types\/page"}],"author":[{"embeddable":true,"href":"https:\/\/www.akademikidea.org\/a-kitap\/wp-json\/wp\/v2\/users\/4"}],"replies":[{"embeddable":true,"href":"https:\/\/www.akademikidea.org\/a-kitap\/wp-json\/wp\/v2\/comments?post=1192"}],"version-history":[{"count":19,"href":"https:\/\/www.akademikidea.org\/a-kitap\/wp-json\/wp\/v2\/pages\/1192\/revisions"}],"predecessor-version":[{"id":1943,"href":"https:\/\/www.akademikidea.org\/a-kitap\/wp-json\/wp\/v2\/pages\/1192\/revisions\/1943"}],"up":[{"embeddable":true,"href":"https:\/\/www.akademikidea.org\/a-kitap\/wp-json\/wp\/v2\/pages\/470"}],"wp:attachment":[{"href":"https:\/\/www.akademikidea.org\/a-kitap\/wp-json\/wp\/v2\/media?parent=1192"}],"curies":[{"name":"wp","href":"https:\/\/api.w.org\/{rel}","templated":true}]}}