{"id":1885,"date":"2023-02-09T13:37:28","date_gmt":"2023-02-09T10:37:28","guid":{"rendered":"http:\/\/www.akademikidea.org\/a-kitap\/?page_id=1885"},"modified":"2025-11-20T20:37:37","modified_gmt":"2025-11-20T17:37:37","slug":"akademik-destek","status":"publish","type":"page","link":"https:\/\/www.akademikidea.org\/a-kitap\/faaliyetler\/akademik-destek\/","title":{"rendered":"Akademik Destek Program\u0131"},"content":{"rendered":"<p><span style=\"font-family: century gothic; font-size: medium;\"><strong><span style=\"color: #0f7996; font-family: century gothic; font-size: medium;\">akademik<\/span><span style=\"color: #33cccc; font-family: 'century gothic'; font-size: medium;\">idea<span class=\"idea\" style=\"color: #000000;\">\u00ae <\/span><\/span><\/strong><span style=\"color: #33cccc; font-family: 'century gothic'; font-size: medium;\"><span class=\"idea\" style=\"color: #000000;\">dan kar\u015f\u0131l\u0131ks\u0131z burs alan \u00f6\u011frencilere ayr\u0131ca<\/span><\/span><span style=\"color: #33cccc; font-family: 'century gothic'; font-size: medium;\"><span class=\"idea\" style=\"color: #000000;\">, <\/span><\/span><\/span><span style=\"font-family: 'century gothic'; font-size: medium;\">topluluk \u00fcyelerinin kendi uzmanl\u0131k alanlar\u0131nda sundu\u011fu, <em>\u00fccretsiz<\/em>;\u00a0<\/span><\/p>\n<ul>\n<li><span style=\"font-family: 'century gothic'; font-size: medium;\">\u00f6zel ders, ve<\/span><\/li>\n<li><span style=\"font-family: 'century gothic'; font-size: medium;\">y\u00f6nderlik<\/span><\/li>\n<\/ul>\n<p><span style=\"font-family: 'century gothic'; font-size: medium;\">bi\u00e7iminde, <\/span><span style=\"font-family: 'century gothic'; font-size: medium;\"><span style=\"font-family: century gothic; font-size: medium;\"><strong><span style=\"color: #0f7996; font-family: century gothic; font-size: medium;\">akademik<\/span><span style=\"color: #33cccc; font-family: 'century gothic'; font-size: medium;\">idea<span class=\"idea\" style=\"color: #000000;\">\u00ae\u00a0<\/span><\/span><\/strong>\u00a0<a href=\"https:\/\/docs.google.com\/document\/d\/1orDu_6rI5GACyEXn_1QZXLxcM7J6mUGW3g3Fjybolks\/edit?usp=drive_link\" target=\"_blank\" rel=\"noopener\"><em><strong>Akademik Destek Y\u00f6netmeli\u011fi<\/strong><\/em>&#8216;<\/a>nde belirtilen us\u00fbl ve esaslara g\u00f6re,\u00a0\u00a0<\/span><\/span><span style=\"font-family: 'century gothic'; font-size: medium;\">akademik destek sa\u011flanmaktad\u0131r.<\/span><\/p>\n<p><span style=\"font-family: 'century gothic'; font-size: medium;\">\u00a0<span style=\"font-family: century gothic; font-size: medium;\"><strong><span style=\"color: #0f7996; font-family: century gothic; font-size: medium;\">akademik<\/span><span style=\"color: #33cccc; font-family: 'century gothic'; font-size: medium;\">idea<span class=\"idea\" style=\"color: #000000;\">\u00ae <\/span><\/span><\/strong><span style=\"color: #33cccc; font-family: 'century gothic'; font-size: medium;\"><span class=\"idea\" style=\"color: #000000;\">&#8216;n\u0131n verece\u011fi \u00f6zel ders ve y\u00f6nderlik hizmetlerinin i\u00e7eri\u011fi,\u00a0<em><strong>Akademik Destek Talep Formu\u00a0<\/strong><\/em>ile derlenen talepler do\u011frultusunda belirlenir ve\u00a0<\/span><\/span><\/span><\/span><span style=\"font-family: century gothic; font-size: medium;\">her akademik yar\u0131y\u0131l ba\u015f\u0131nda\u00a0<\/span><a style=\"outline-width: 0px; font-family: 'century gothic'; font-size: medium;\" href=\"https:\/\/www.akademikidea.org\/a-kitap\/faaliyetler\/burs\/basvuru-kosullari-ve-usulu\/\"><em><strong>Akademik Destek Program\u0131<\/strong><\/em><\/a><span style=\"color: #000000; font-family: 'century gothic'; font-size: medium;\">\u00a0<\/span><span style=\"font-family: 'century gothic'; font-size: medium;\">&#8216;\u0131nda ilan edilir.<\/span><\/p>\n","protected":false},"excerpt":{"rendered":"<p>akademikidea\u00ae dan kar\u015f\u0131l\u0131ks\u0131z burs alan \u00f6\u011frencilere ayr\u0131ca, topluluk \u00fcyelerinin kendi uzmanl\u0131k alanlar\u0131nda sundu\u011fu, \u00fccretsiz;\u00a0 \u00f6zel ders, ve y\u00f6nderlik bi\u00e7iminde, akademikidea\u00ae\u00a0\u00a0Akademik Destek Y\u00f6netmeli\u011fi&#8216;nde belirtilen us\u00fbl ve esaslara g\u00f6re,\u00a0\u00a0akademik destek sa\u011flanmaktad\u0131r. \u00a0akademikidea\u00ae &#8216;n\u0131n verece\u011fi \u00f6zel ders ve y\u00f6nderlik hizmetlerinin i\u00e7eri\u011fi,\u00a0Akademik Destek Talep Formu\u00a0ile derlenen talepler do\u011frultusunda belirlenir ve\u00a0her akademik yar\u0131y\u0131l ba\u015f\u0131nda\u00a0Akademik Destek Program\u0131\u00a0&#8216;\u0131nda ilan edilir.<\/p>\n","protected":false},"author":4,"featured_media":0,"parent":1743,"menu_order":70,"comment_status":"closed","ping_status":"closed","template":"","meta":{"footnotes":""},"class_list":["post-1885","page","type-page","status-publish","hentry"],"_links":{"self":[{"href":"https:\/\/www.akademikidea.org\/a-kitap\/wp-json\/wp\/v2\/pages\/1885","targetHints":{"allow":["GET"]}}],"collection":[{"href":"https:\/\/www.akademikidea.org\/a-kitap\/wp-json\/wp\/v2\/pages"}],"about":[{"href":"https:\/\/www.akademikidea.org\/a-kitap\/wp-json\/wp\/v2\/types\/page"}],"author":[{"embeddable":true,"href":"https:\/\/www.akademikidea.org\/a-kitap\/wp-json\/wp\/v2\/users\/4"}],"replies":[{"embeddable":true,"href":"https:\/\/www.akademikidea.org\/a-kitap\/wp-json\/wp\/v2\/comments?post=1885"}],"version-history":[{"count":6,"href":"https:\/\/www.akademikidea.org\/a-kitap\/wp-json\/wp\/v2\/pages\/1885\/revisions"}],"predecessor-version":[{"id":2595,"href":"https:\/\/www.akademikidea.org\/a-kitap\/wp-json\/wp\/v2\/pages\/1885\/revisions\/2595"}],"up":[{"embeddable":true,"href":"https:\/\/www.akademikidea.org\/a-kitap\/wp-json\/wp\/v2\/pages\/1743"}],"wp:attachment":[{"href":"https:\/\/www.akademikidea.org\/a-kitap\/wp-json\/wp\/v2\/media?parent=1885"}],"curies":[{"name":"wp","href":"https:\/\/api.w.org\/{rel}","templated":true}]}}