{"id":2318,"date":"2024-12-16T16:48:25","date_gmt":"2024-12-16T13:48:25","guid":{"rendered":"http:\/\/www.akademikidea.org\/a-kitap\/?page_id=2318"},"modified":"2025-11-20T20:08:50","modified_gmt":"2025-11-20T17:08:50","slug":"istatistiksel-danismanlik-hizmeti-makale-incelemesi","status":"publish","type":"page","link":"https:\/\/www.akademikidea.org\/a-kitap\/istatistiksel-danismanlik-hizmeti-makale-incelemesi\/","title":{"rendered":"\u0130statistik Dan\u0131\u015fmanl\u0131k Hizmeti : Sonu\u00e7 B\u00f6l\u00fcm\u00fc \u0130ncelemesi"},"content":{"rendered":"<p>Yap\u0131lan analizin yanl\u0131\u015f oldu\u011fu gerek\u00e7esi ile \u00e7al\u0131\u015fman\u0131z\u0131n ret edilmesi kadar can s\u0131k\u0131c\u0131 bir \u015fey yoktur. \u00c7al\u0131\u015fman\u0131zdaki analiz ger\u00e7ekten do\u011fru yap\u0131lm\u0131\u015f; ancak sonu\u00e7 b\u00f6l\u00fcm\u00fc iyi yaz\u0131lmad\u0131\u011f\u0131 i\u00e7in incelemeciler \u00e7al\u0131\u015fman\u0131z\u0131 yeterince iyi de\u011ferlendirememi\u015f olabilirler mi?<\/p>\n<p>Ara\u015ft\u0131rma sonu\u00e7lar\u0131n\u0131 yazmak kendi ba\u015f\u0131na bir beceridir ve \u00e7ok da a\u015fina olmad\u0131\u011f\u0131n\u0131z bir analizin sonu\u00e7lar\u0131n\u0131 yaz\u0131yorsan\u0131z, her \u015feyi yerli yerinde ve do\u011fru yapt\u0131\u011f\u0131n\u0131zdan emin olamayabilirsiniz.\u00a0 E\u011fer:<\/p>\n<ul>\n<li>Bir dergiye makale g\u00f6ndermek, ya da tezinizi teslim etmek\u00a0\u00fczeresiniz ve istatistiksel gerek\u00e7elerle reddedilme olas\u0131l\u0131\u011f\u0131n\u0131 en aza indirmek istiyorsan\u0131z,<\/li>\n<li>Ret edilen bir \u00e7al\u0131\u015fman\u0131za ili\u015fkin hakem ya da j\u00fcri raporlar\u0131nda belirtilen istatistiksel gerek\u00e7elerin nedeni sizce pek a\u00e7\u0131k de\u011filse,<\/li>\n<\/ul>\n<p>o zaman, \u00e7al\u0131\u015fman\u0131z\u0131n<em>\u00a0<span style=\"color: #008080;\">sonu\u00e7 b\u00f6l\u00fcm\u00fc<\/span><\/em>n\u00fcn\u00a0istatistiksel a\u00e7\u0131dan sa\u011flam ve yeterli nitelikte olabilmesi i\u00e7in gerekli d\u00fczeltme ve iyile\u015ftirme \u00f6nerilerini i\u00e7eren bir uzman g\u00f6r\u00fc\u015f\u00fc almaya ihtiyac\u0131n\u0131z var demektir, ve bu ihtiyac\u0131n\u0131z\u0131,<span style=\"color: #333333; font-family: Lora, serif; font-size: large;\">\u00a0<\/span><strong><span style=\"color: #0f7996; font-family: century gothic; font-size: medium;\">akademik<\/span><span style=\"color: #33cccc; font-family: 'century gothic'; font-size: medium;\">idea<span class=\"idea\" style=\"color: #000000;\"><sup>\u00ae<\/sup><\/span><\/span><\/strong> dan\u0131\u015fmanlar\u0131n\u0131n verdi\u011fi <span style=\"color: #008080;\"><em>sonu\u00e7 b\u00f6l\u00fcm\u00fc incelemesi<\/em><\/span> hizmeti ile kar\u015f\u0131layabilirsiniz.<\/p>\n<p><span style=\"color: #008080;\"><em>Sonu\u00e7 B\u00f6l\u00fcm\u00fc \u0130ncelemesi<\/em><\/span>,<\/p>\n<ul>\n<li>Analizlerin ara\u015ft\u0131rma sorular\u0131na, tasar\u0131ma ve veri setindeki de\u011fi\u015fken t\u00fcrlerine uygunlu\u011funu,<\/li>\n<li>Sizin (veya bir incelemecinin ya da komite \u00fcyesinin) g\u00f6zden ka\u00e7\u0131rd\u0131\u011f\u0131 herhangi bir a\u015f\u0131r\u0131 veri veya analiz sorunu olup olmad\u0131\u011f\u0131n\u0131,<\/li>\n<li>Uygun istatistik terminolojisinin do\u011fru kullan\u0131l\u0131p kullan\u0131lmad\u0131\u011f\u0131n\u0131,<\/li>\n<li>Ayr\u0131nt\u0131 d\u00fczeyinin uygunlu\u011funu,<\/li>\n<li>Analizlerin ve sonu\u00e7lar\u0131n neden uygun oldu\u011funun anla\u015f\u0131labilir bir \u015fekilde anlat\u0131l\u0131p anlat\u0131lamad\u0131\u011f\u0131n\u0131<\/li>\n<\/ul>\n<p>inceleyerek, veri analizlerinize ili\u015fkin neyi do\u011fru yapt\u0131\u011f\u0131n\u0131z, neyin yeniden yap\u0131lmas\u0131 gerekti\u011fi ve ara\u015ft\u0131rman\u0131z\u0131n d\u00fcr\u00fcst\u00e7e hangi sonuca varabilece\u011fi\u00a0 hakk\u0131nda size uzman g\u00f6r\u00fc\u015f\u00fc sa\u011flar.<\/p>\n<p style=\"text-align: center;\"><strong><a href=\"https:\/\/docs.google.com\/document\/d\/1jccrhPRDO3LUyFhG8tMxVWsEXvykxGrY\/edit?usp=sharing&amp;ouid=100508498388791093414&amp;rtpof=true&amp;sd=true\" target=\"_blank\" rel=\"noopener\"><em>Sonu\u00e7 B\u00f6l\u00fcm\u00fc \u0130ncelemesi Bilgi Formu<\/em><\/a><\/strong><\/p>\n<p>ile iletece\u011finiz bilgi ve belgelere ili\u015fkin daha fazla a\u00e7\u0131klay\u0131c\u0131 bilgiye ihtiya\u00e7 duyulursa, sizin i\u00e7in bir oturum d\u00fczenlenecektir. Sizden yeterli bilgi ve belgeleri ald\u0131ktan sonra, do\u011frudan g\u00f6rebilece\u011finiz yorumlar\u0131n eklendi\u011fi veya de\u011fi\u015fikliklerin\u00a0 yap\u0131ld\u0131\u011f\u0131 g\u00f6zden ge\u00e7irilmi\u015f belgeniz size geri g\u00f6nderilecek ve bu a\u015famada akl\u0131n\u0131za tak\u0131lan sorular\u0131n\u0131z kald\u0131ysa, d\u00fczenlenecek son bir oturumda, bu\u00a0 sorular\u0131n\u0131z\u0131n yan\u0131t\u0131n\u0131 alabileceksiniz.<\/p>\n","protected":false},"excerpt":{"rendered":"<p>Yap\u0131lan analizin yanl\u0131\u015f oldu\u011fu gerek\u00e7esi ile \u00e7al\u0131\u015fman\u0131z\u0131n ret edilmesi kadar can s\u0131k\u0131c\u0131 bir \u015fey yoktur. \u00c7al\u0131\u015fman\u0131zdaki analiz ger\u00e7ekten do\u011fru yap\u0131lm\u0131\u015f; ancak sonu\u00e7 b\u00f6l\u00fcm\u00fc iyi yaz\u0131lmad\u0131\u011f\u0131 i\u00e7in incelemeciler \u00e7al\u0131\u015fman\u0131z\u0131 yeterince iyi de\u011ferlendirememi\u015f olabilirler mi? Ara\u015ft\u0131rma sonu\u00e7lar\u0131n\u0131 yazmak kendi ba\u015f\u0131na bir beceridir ve \u00e7ok da a\u015fina olmad\u0131\u011f\u0131n\u0131z bir analizin sonu\u00e7lar\u0131n\u0131 yaz\u0131yorsan\u0131z, her \u015feyi yerli yerinde ve do\u011fru&#8230;<\/p>\n","protected":false},"author":4,"featured_media":0,"parent":0,"menu_order":0,"comment_status":"closed","ping_status":"closed","template":"","meta":{"footnotes":""},"class_list":["post-2318","page","type-page","status-publish","hentry"],"_links":{"self":[{"href":"https:\/\/www.akademikidea.org\/a-kitap\/wp-json\/wp\/v2\/pages\/2318","targetHints":{"allow":["GET"]}}],"collection":[{"href":"https:\/\/www.akademikidea.org\/a-kitap\/wp-json\/wp\/v2\/pages"}],"about":[{"href":"https:\/\/www.akademikidea.org\/a-kitap\/wp-json\/wp\/v2\/types\/page"}],"author":[{"embeddable":true,"href":"https:\/\/www.akademikidea.org\/a-kitap\/wp-json\/wp\/v2\/users\/4"}],"replies":[{"embeddable":true,"href":"https:\/\/www.akademikidea.org\/a-kitap\/wp-json\/wp\/v2\/comments?post=2318"}],"version-history":[{"count":22,"href":"https:\/\/www.akademikidea.org\/a-kitap\/wp-json\/wp\/v2\/pages\/2318\/revisions"}],"predecessor-version":[{"id":2589,"href":"https:\/\/www.akademikidea.org\/a-kitap\/wp-json\/wp\/v2\/pages\/2318\/revisions\/2589"}],"wp:attachment":[{"href":"https:\/\/www.akademikidea.org\/a-kitap\/wp-json\/wp\/v2\/media?parent=2318"}],"curies":[{"name":"wp","href":"https:\/\/api.w.org\/{rel}","templated":true}]}}