{"id":2462,"date":"2025-11-10T03:13:05","date_gmt":"2025-11-10T00:13:05","guid":{"rendered":"https:\/\/www.akademikidea.org\/a-kitap\/?page_id=2462"},"modified":"2025-12-02T05:07:05","modified_gmt":"2025-12-02T02:07:05","slug":"veri-tabani-yonetim-sistemi","status":"publish","type":"page","link":"https:\/\/www.akademikidea.org\/a-kitap\/veri-tabani-yonetim-sistemi\/","title":{"rendered":"Bilgi &#8211; Belge Payla\u015f\u0131m ve Ortak \u00c7al\u0131\u015fma Ortam\u0131"},"content":{"rendered":"<p><span class=\"wppb-frontend-restriction-message wppb-content-restriction-message\"><\/p>\n<ul>\n<li>Bu sayfaya eri\u015fim i\u00e7in, <em>Kullan\u0131c\u0131 Ad\u0131<\/em>n\u0131z ve <em>Parola<\/em>n\u0131zla <a href=\"https:\/\/www.akademikidea.org\/a-kitap\/log-in\/\">G\u0130R\u0130\u015e<\/a> yapman\u0131z gerekiyor.<\/li>\n<li>Hen\u00fcz Kullan\u0131c\u0131 Ad\u0131 ve Parolan\u0131z yoksa, <a href=\"https:\/\/docs.google.com\/forms\/d\/e\/1FAIpQLSeI6LMUemJt5Deuf9s4vYqFgzlk0Yt6-FredheKCC2qVljdWg\/viewform?usp=sharing&amp;ouid=100508498388791093414\" target=\"_blank\" rel=\"noopener\">Yorumcu Ba\u015fvuru formu<\/a> ile\u00a0 istekte bulunabilirsiniz.<\/li>\n<\/ul>\n<p><\/span><\/p>\n","protected":false},"excerpt":{"rendered":"<p>Bu sayfaya eri\u015fim i\u00e7in, Kullan\u0131c\u0131 Ad\u0131n\u0131z ve Parolan\u0131zla G\u0130R\u0130\u015e yapman\u0131z gerekiyor. Hen\u00fcz Kullan\u0131c\u0131 Ad\u0131 ve Parolan\u0131z yoksa, Yorumcu Ba\u015fvuru formu ile\u00a0 istekte bulunabilirsiniz.<\/p>\n","protected":false},"author":4,"featured_media":0,"parent":0,"menu_order":0,"comment_status":"closed","ping_status":"closed","template":"","meta":{"footnotes":""},"class_list":["post-2462","page","type-page","status-publish","hentry"],"_links":{"self":[{"href":"https:\/\/www.akademikidea.org\/a-kitap\/wp-json\/wp\/v2\/pages\/2462","targetHints":{"allow":["GET"]}}],"collection":[{"href":"https:\/\/www.akademikidea.org\/a-kitap\/wp-json\/wp\/v2\/pages"}],"about":[{"href":"https:\/\/www.akademikidea.org\/a-kitap\/wp-json\/wp\/v2\/types\/page"}],"author":[{"embeddable":true,"href":"https:\/\/www.akademikidea.org\/a-kitap\/wp-json\/wp\/v2\/users\/4"}],"replies":[{"embeddable":true,"href":"https:\/\/www.akademikidea.org\/a-kitap\/wp-json\/wp\/v2\/comments?post=2462"}],"version-history":[{"count":30,"href":"https:\/\/www.akademikidea.org\/a-kitap\/wp-json\/wp\/v2\/pages\/2462\/revisions"}],"predecessor-version":[{"id":2616,"href":"https:\/\/www.akademikidea.org\/a-kitap\/wp-json\/wp\/v2\/pages\/2462\/revisions\/2616"}],"wp:attachment":[{"href":"https:\/\/www.akademikidea.org\/a-kitap\/wp-json\/wp\/v2\/media?parent=2462"}],"curies":[{"name":"wp","href":"https:\/\/api.w.org\/{rel}","templated":true}]}}